*g - 60342 = -397553. What are the prime factors of i?
2, 157, 179
Let k = 802 - 249. Suppose 4*g = -2*i + k + 107, 3*g = 5*i - 1663. What are the prime factors of i?
2, 83
Let l(z) = 2*z**2 - 54*z - 325. What are the prime factors of l(48)?
19, 89
Let h be (-1)/5 - (-222)/(-45)*3. Let x(o) = -o**3 - 14*o**2 + 5*o + 7. Let c be x(h). Suppose s + w + c = 5*s, -w = s - 33. What are the prime factors of s?
2, 19
Let t(m) = -38*m - 52. Let h = -58 + 51. List the prime factors of t(h).
2, 107
Let k(n) = -2827*n - 1343. List the prime factors of k(-26).
3, 67, 359
Suppose -2224 = -13*g + 766. Let j(a) = -37*a**2 - a - 1. Let z be j(2). Let u = z + g. What are the prime factors of u?
79
Suppose -7775 - 682 = -26*l + 15827. What are the prime factors of l?
2, 467
Suppose 13*b = 28 - 15. What are the prime factors of (((-180)/(-63))/10)/(b/35)?
2, 5
Suppose 3*q - 5974 = -2131. Suppose -14*x + 1365 + q = 0. Suppose 18 - x = -3*k. List the prime factors of k.
3, 19
Let y(w) = 316*w**2 - 28*w**3 - 25*w**3 - 5*w - 11 - 318*w**2. List the prime factors of y(-2).
5, 83
Let z(d) = -100*d - 209. Let t be z(-14). Let u = -471 + t. List the prime factors of u.
2, 3, 5
Suppose -36 + 4 = -4*d + 2*v, 2*d - 3*v = 20. Let x be (-605)/25 + (-1)/(-5). What are the prime factors of x/(-2)*(d + 3 + 1)?
2, 3, 11
Suppose 62*w - 375171 - 112289 = 892970. List the prime factors of w.
5, 61, 73
What are the prime factors of 2954/(((-15)/(-30))/1)?
2, 7, 211
Suppose -16 + 52 = 6*c. Suppose 377 = c*v - 1213. List the prime factors of v.
5, 53
Suppose 2*w = 5*o - 203, 4*o = -o - 3*w + 183. Suppose 23*f = 20*f + o. Suppose 3*k = -2*c + 36, -5*k - f = -33. What are the prime factors of c?
2, 3
Let x(w) = w**2 + 4*w - 3. Let t be x(4). Suppose 212*g = 188*g - 1368. Let z = t - g. List the prime factors of z.
2, 43
Let v(g) = 89*g**3 - 9*g**2 + 35*g - 12. Let h be v(4). List the prime factors of -2 - ((-12)/(-66) + h/(-22)).
2
Let h(o) be the first derivative of -29*o**2/2 + 50*o - 54. List the prime factors of h(-14).
2, 3, 19
Suppose 1916733 = -23702*r + 23761*r. What are the prime factors of r?
3, 7, 13, 17
Suppose -w - 6 = -11. Let b(i) = 14*i**3 - 10*i**2 - 7*i + 12. What are the prime factors of b(w)?
7, 211
Let q(f) be the second derivative of f**4/12 + 2*f**3/3 + 15*f**2/2 + 6*f. Let h be q(5). What are the prime factors of 2032/h - -4 - (-6)/45?
2, 19
Suppose 45*r - 89*r = 0. Suppose r = -15*f - 19*f + 9146. List the prime factors of f.
269
Suppose 5*v - 17 = -2*n + 6, -3*v = -9. Suppose -4*h - n*s = s - 4227, -5293 = -5*h + 3*s. List the prime factors of h.
2, 23
Let f(n) = -n**3 - 6*n**2 - 27*n + 28. Let i be f(-7). Let h = 520 - i. What are the prime factors of h?
2, 127
Let g = -32 - -24. List the prime factors of (-10 - g)*222/(-4).
3, 37
What are the prime factors of (-87417)/30*-4*(-3)/(-6)*5?
3, 11, 883
Suppose -v = l - 8520, -3*v - 35*l = -31*l - 25556. List the prime factors of v.
2, 2131
Let d(t) = 4*t**2 + 195*t - 655. List the prime factors of d(-131).
2, 3, 131
Suppose -755*f = -778*f + 1196092. What are the prime factors of f?
2, 13001
Let t(l) = 2*l**2 + 6*l - 9. Let v(d) = -3*d + 30. Let k be v(9). Let f be 2/3 - 20/k. What are the prime factors of t(f)?
3
Suppose 0 = -14*v + 56890 + 4766. List the prime factors of v.
2, 3, 367
List the prime factors of (((-17194)/(-3))/((-40)/(-60)))/(1/2).
2, 8597
Let w(n) = n**2 - n - 1. Let y(m) = 13*m**2 - 4*m - 4. Let s(b) = -2*w(b) + y(b). Let h be s(-1). Suppose 3*f = -h*f + 406. What are the prime factors of f?
29
List the prime factors of (-42)/6 + (38204 - 18).
73, 523
Let t = 779 - 211. Let d = t - 336. List the prime factors of d.
2, 29
Let y be (488/20)/(-2*(-4)/(-40)). Let z be (7/((-7)/y))/(-2). Let r = 90 + z. What are the prime factors of r?
29
Let a(q) = 43*q + 235. Let d = 489 + -489. List the prime factors of a(d).
5, 47
Suppose -2*l + 3*i + 33132 = -0*l, 4*l + 14*i - 66264 = 0. What are the prime factors of l?
2, 3, 11, 251
Let m be 168/44 - 4 - 656/22. Let v = m + 36. What are the prime factors of 163*1 - (3 - -4 - v)?
2, 3
Suppose 8*c = 3*c + j + 84331, 0 = 2*c - 3*j - 33748. List the prime factors of c.
5, 3373
List the prime factors of (1 + 1)*(-4053925)/(-1942).
5, 167
Let f(r) = 78*r**2 + 3*r + 1. Let g = -14 + 8. Let j be (g - -3) + 3 + -1. List the prime factors of f(j).
2, 19
Let v(o) = 10*o**2 + 3*o - 3. Suppose 0 = 2*k + 3*s - 7, 0*s - 4 = 4*s. Suppose k*j = j + z - 7, -5*j - 3*z - 13 = 0. List the prime factors of v(j).
31
What are the prime factors of (-94462)/(-7) + (1024/112)/(-16)?
2, 3, 13, 173
Let r(x) = 16*x + 73 - 36 - 37. Suppose 3*p + z - 13 - 14 = 0, -p - 3*z + 17 = 0. List the prime factors of r(p).
2
Suppose 0 = 3*d + 5*o + 3, 0*d + 3*o = 4*d - 25. Suppose -5*x + 1076 = y, -5*y = -d*x + 450 + 405. What are the prime factors of x?
5, 43
What are the prime factors of (-5786)/3*((-6)/(-8))/(6/(-12))?
11, 263
Let g = 24 - 18. Let i be 888/(-44) + g/33. List the prime factors of (-16)/(-6)*(-75)/i.
2, 5
Suppose 0 = -w + 5*a - 42, -w + 3*a = -2*w - 10. Let p(z) = z**3 + 23*z**2 + 23*z + 24. Let y be p(w). What are the prime factors of (-1 + 1)/y + 86?
2, 43
Suppose -7 = -3*u + p, -u + 3 = -2*p - 1. Let x(d) = d**u + 7 - 1 + 3*d + 1. What are the prime factors of x(-6)?
5
Let v be -7 + 1 - -5 - (-2415)/(-5). What are the prime factors of (12/10)/6 + v/(-55)?
3
Let j = 62306 + -18675. List the prime factors of j.
7, 23, 271
Suppose 90 = -m + 10*m. Suppose -c = -0 - m. Let p = 138 - c. What are the prime factors of p?
2
Suppose -992 = -l - 15*l. Let u = 71 - l. Suppose d = u*d - 440. List the prime factors of d.
5, 11
Suppose 0 = 36*z - 44606 - 1106350. What are the prime factors of z?
3, 10657
Let r(w) = 2*w**2 + 23*w**2 + 15 - 135*w + 127*w. What are the prime factors of r(4)?
383
Suppose 5*f = 6*f - 2. Suppose s = f*s - 2*t - 2, -6 = -3*s - 2*t. Suppose 3*w + s*g = -2*w + 1189, -w + 2*g + 245 = 0. List the prime factors of w.
239
Let a(c) = 38*c**2 - 6*c + 8. Let i be a(6). Suppose 10*r - 666 = -2*o + 12*r, 0 = -4*o + 2*r + i. Let w = o + -196. List the prime factors of w.
3, 47
Let w(u) = -u**3 + 15*u**2 - 37*u - 1. Let h(c) = c**3 - 2*c**2 + 4*c - 10. Let d be h(3). List the prime factors of w(d).
2, 19
Let f = -86 - -92. Suppose -u + n = 2, -5*u = -3*n + 2*n - f. Suppose -2*h = -u*o + 252, 79 = o - 5*h - 59. What are the prime factors of o?
3, 41
Suppose -30*a - 1665 = -7155. Suppose -567 = -5*y + 3*x, -6*y + 4*y = 2*x - 230. Let m = a - y. List the prime factors of m.
3, 23
Let t be 1 + 32/8 - 24. Let k(f) = f**2 - 15*f + 109. List the prime factors of k(t).
5, 151
Suppose -5*z - 7*g = -6*g - 79321, 0 = -2*z + 4*g + 31702. List the prime factors of z.
29, 547
Let k = 144 + -151. List the prime factors of k*10/(-35)*269.
2, 269
Let u(p) = 2*p**3 + 38*p**2 - 31*p - 40. What are the prime factors of u(-16)?
2, 3, 83
Let s = -6182 + 13967. What are the prime factors of s?
3, 5, 173
Suppose -5*v + 0*v = 40. Let b(p) = p**3 + 9*p**2 + 6*p - 30. Let x be b(v). What are the prime factors of (-16 - x)/(2/(-89))?
89
Suppose -5*j = -p + 4*p - 9685, -4*j - 12924 = -4*p. Suppose -5*b - 4838 = -3*i, 66*b - 67*b - p = -2*i. List the prime factors of i.
2, 101
Let m = 1284 + -885. Suppose -b + 268 = u, -u = -2*b + m + 125. List the prime factors of b.
2, 3, 11
Let l be (-8)/(160/30) + (-62)/4. Let h(w) = -68*w - 5. List the prime factors of h(l).
1151
Let u(f) = -2*f**3 - f**2 + 3*f - 1. Let s be u(-2). Suppose -4*d = 2*q - 278, -491 = -3*q + s*d - 85. What are the prime factors of q?
137
Let z(l) = 159*l**2 + 10*l - 331. List the prime factors of z(11).
2, 37, 257
Let z(v) = -v**3 + 62*v**2 - 22*v + 21. What are the prime factors of z(24)?
3, 7127
Let h = -14 + -24. Let n = h - -10. Let o = n + 85. What are the prime factors of o?
3, 19
Let m = -7582 + 9162. List the prime factors of m.
2, 5, 79
What are the prime factors of (-4)/5 - ((-103144316)/(-220))/(-31)?
3, 71
Suppose 2*v - 2*y - 6886 = 0, -3*y + 7248 = 4*v - 6538. List the prime factors of v.
5, 13, 53
Suppose 0 = -31*w + 40*w - 144. Let r(m) = m**3 - 13*m**2 - 2*m - 26. List the prime factors of r(w).
2, 5, 71
List the prime factors of 146 + -138 - 1/(2/(-4236)).
2, 1063
Suppose -7*y - 63360 = -12*y. Suppose -17*x - y = -23*x. Su